 172 = -b + 5*t, -2*t - 187 = b. Let i = b - -354. What is the hundreds digit of i?
1
Suppose -l = -5*o + 16, 0*o + 3*o = 4*l - 4. Suppose -62 = -o*k + 50. What is the units digit of k?
8
Suppose -3*q + 5*j = -0*j + 10, -3*q - 2*j = -25. Let f(k) = 8*k**3 + 2*k**2 - 16*k + 16. What is the tens digit of f(q)?
8
Let r = -11992 + 23997. What is the ten thousands digit of r?
1
Suppose 323 + 2279 = -2*x. Let n = x + 1845. What is the units digit of n?
4
Suppose 4*q - 23 = -5*l, 31*l = 33*l + 10. Suppose 4*k + 6*m = 2*m + 2196, 0 = -3*m - q. What is the tens digit of k?
5
Suppose 5*x - 2*x + s - 23868 = 0, -3*x + 3*s = -23844. What is the hundreds digit of x?
9
What is the hundreds digit of (7 - (-1089)/(-15))/((-6)/510)?
5
Let t = -12995 + 25500. What is the tens digit of t?
0
Suppose 0 = -9*r + 37 + 44. What is the tens digit of r/(-15) + 2 + (-348)/(-5)?
7
Let x be (-3)/((-5)/20*2). Let g(d) = -2*d**2 + 8*d + 29. Let v be g(x). Suppose -4*w + 9*w + 148 = 2*u, -3*u = -v*w - 227. What is the units digit of u?
9
Let y(d) = d + 3. Let j be y(-5). Let p be (j - 7/(-3))*12 - 1. Let l(r) = 5*r**2 - 2*r. What is the tens digit of l(p)?
3
Suppose 100*w - 48300 = 88*w. What is the tens digit of w?
2
Let o(n) = -7*n**3 - 12*n**2 + 11*n + 70. What is the hundreds digit of o(-10)?
7
What is the ten thousands digit of 12072 - -1*(-15 - 0)?
1
Let z(h) = 16*h**2 - h - 1. Let a be z(-1). Suppose a*t = 11*t + 20. Suppose 27 + 57 = t*i. What is the units digit of i?
1
Let h = -50625 - -75666. What is the thousands digit of h?
5
Let m = 18826 - -4326. What is the ten thousands digit of m?
2
Suppose -61209*m = -61193*m - 388624. What is the ten thousands digit of m?
2
Let h(y) = 242*y + 562. What is the tens digit of h(18)?
1
What is the hundreds digit of 126596/7 - 10/((-840)/(-12))?
0
Suppose -d = 6*d - 17591. Suppose 736 = -3*n - 4*z + d, 20 = 5*z. What is the units digit of n?
7
Let a be 24/(-18)*((-30)/(-4))/5. What is the units digit of 0 - (-1536)/18 - a/(-6)?
5
Let x(g) = -g**3 - 5*g**2 - 11*g - 13. Let q be x(-3). Suppose q*j - 4*f = 3154, -996 - 578 = -j + 5*f. What is the tens digit of j?
7
Suppose -2*z + 5*j + 8535 = 0, -11*j + 17091 = 4*z - 14*j. What is the hundreds digit of z?
2
Let x(a) be the first derivative of 4*a**3 + 7*a**2 + 15*a + 53. What is the units digit of x(-13)?
1
Suppose -3*o = -7*o - 2*t, 2*o = -5*t. Suppose 0 = 5*x - 3*z - 2, -x - 3*z - 12 - 2 = o. What is the units digit of -97*-1*(-2)/(x/1)?
7
Let k(f) = 1013*f**2 + 33*f + 36. What is the hundreds digit of k(-1)?
0
Let y(a) = 64*a**3 + 30*a**2 + 87*a - 9. What is the ten thousands digit of y(7)?
2
What is the ten thousands digit of -8 + -1 + (43424120/(-34))/(-38)?
3
Suppose -16 = -8*m - 8. Let d be m/(1/438) - 5. Let h = -257 + d. What is the hundreds digit of h?
1
Suppose 3*k - 21 + 1 = 4*a, -5*a = 25. Suppose -3*f + 2*g + 17 = 0, -5*g - 5 = -k. What is the units digit of f?
5
Let w = 15272 - 8369. What is the thousands digit of w?
6
Let s = -73 + 128. Let g be (9/(-180)*-12)/((-2)/(-290)). Let v = g - s. What is the units digit of v?
2
Let d = -38 - -25. Let k = d + 18. Suppose -3*j = -3*m + 282, 0 = k*m - 2*j - 37 - 436. What is the tens digit of m?
9
Suppose -r + 14 = 5*h + 3*r, h - 2*r - 14 = 0. Let a be (-16)/h + 3 + 5308/6. Suppose 3*m = -2*f + 351, 5*m + f - a = -307. What is the hundreds digit of m?
1
Let n = 11877 + -6393. What is the tens digit of n?
8
Let x = -502 + 890. Let a = -477 + 477. Suppose 0*r - 3*r + 393 = 3*b, -3*b + 2*r + x = a. What is the tens digit of b?
3
Let k = 507 + -125. Suppose -2*o + 1065 - k = 3*n, o - 3*n - 319 = 0. What is the units digit of o?
4
Suppose -5*p + v = -23401, 16*p - 20*p + 18721 = -v. What is the tens digit of p?
8
Suppose 12320 = 5840*t - 5830*t. What is the units digit of t?
2
Suppose 4*q + 11 = 33*z - 32*z, -4*z = -3*q + 8. What is the tens digit of 4 + -3 + 3 + 1227 + z?
2
Suppose 4*u = 5*l - 40, 2*l = -3*u + 2*u + 3. Let b be 31/2 - l/(-8). Suppose 16 = y - 0*h - 5*h, b = y + 3*h. What is the tens digit of y?
1
Let t(s) = s**3 + 16*s**2 - 24*s - 116. Let n be t(-17). Suppose -17 + 23 = 2*l, -3895 = -4*x + n*l. What is the tens digit of x?
7
Suppose 7580 - 85571 - 81882 = -7*l. What is the ten thousands digit of l?
2
Suppose -13 = -s - 5*r + 2, 0 = -3*s + 3*r + 27. Let v = 1741 - 4059. What is the hundreds digit of 4/20 - v/s?
2
Let n = -12318 - -31598. What is the units digit of n?
0
Let n(k) = 1084*k + 2379. What is the units digit of n(8)?
1
Let p be 6/(-45) + (-18006)/(-45). Suppose 34*j + p = 30*j. What is the units digit of (2 + -7)*2*1520/j?
2
Let g(u) = -1583*u + 255. What is the tens digit of g(-7)?
3
Suppose 8*f - q = 7*f + 152, -f - q = -144. Suppose -w + 72 = -4*s - f, w = -s + 200. What is the tens digit of w?
0
Let m(o) = -2*o**3 - 6*o**2 + 20*o - 24. Suppose 262 - 12 = -25*r. What is the thousands digit of m(r)?
1
Let g(x) = 382*x**2 + 118*x - 570. What is the hundreds digit of g(5)?
5
Let h(m) = 364*m - 562. What is the tens digit of h(23)?
1
Let q(s) = 239*s**2 - 10 - 477*s**2 + 239*s**2 - 11*s. What is the tens digit of q(15)?
5
Suppose -2*v + t - 263 = 0, -v + 5*t = 10*t + 126. Let b = v + 380. What is the tens digit of b?
4
Let h(p) = -p**2 - 17*p - 6. Let z be h(-17). Let x = z - -8. Suppose i - x*y = 120, -i + 54 = -y - 65. What is the units digit of i?
8
Suppose -4*a + 2*o = -1 - 27, 0 = 3*o + 12. Let c(x) = 135*x - a - 5 + 6 + 123*x. What is the hundreds digit of c(1)?
2
Let i be 2/3 - 9982/69. What is the units digit of (32/(-24))/(3/i)?
4
Let z(v) = 15*v**3 + 3*v**2 + 47*v - 196. What is the ten thousands digit of z(13)?
3
Let t(c) be the first derivative of c**4/4 + 8*c**3 + c**2 - 36*c + 31. What is the tens digit of t(-22)?
8
Let v(i) = 2*i**2 - 11*i - 302. Let p be v(-26). Let f = p - 593. What is the tens digit of f?
4
What is the hundreds digit of ((-1)/(-19))/(180/174156660)?
9
Let c = -623 - -50314. What is the ten thousands digit of c?
4
Let r(v) = v + 37. Suppose q = -2*x + 9, -2 = x - 2*x. Suppose 5*f - 145 = 5*i, -i = -8*f + q*f + 81. What is the units digit of r(f)?
3
Suppose 17 = -3*k + 8, -5*x + k = -87703. What is the hundreds digit of x?
5
Let m(l) = 92*l**2 - 138*l + 717. What is the thousands digit of m(5)?
2
Let l(y) = 39*y**2 - 17*y + 4 - 16*y**2 + 15*y - 2. Suppose -m + 5*i + 12 = 0, 16 = 2*m + 2*m - 4*i. What is the units digit of l(m)?
0
Suppose 2*g = 157 + 69. Let j(c) = -c**3 + 12*c**2 + 22*c - 23. Let z be j(14). Let a = z + g. What is the units digit of a?
6
Let z be -3 + 0 - (-9 - 6). Let s(h) be the first derivative of h**3/3 - 4*h**2 + 14*h + 31. What is the units digit of s(z)?
2
Let i(g) = 649*g + 2629. What is the units digit of i(8)?
1
Suppose 0 = 5*l - 1628 - 1242. Let s = -326 + l. What is the hundreds digit of s?
2
Let a be ((-38)/95)/(1/50). Let q = a + 22. What is the units digit of q?
2
Suppose -25513 = -22*m + 17*m - 4*p, 2*p = -6. What is the thousands digit of m?
5
Let z(k) = 2*k**3 - 23*k**2 + 115*k + 27. What is the hundreds digit of z(16)?
1
Let m(o) = o**2 - 8*o + 12. Suppose 0 = 5*z + 5*b - 40, -b - 16 = 8*z - 11*z. Let j be m(z). Suppose j = -12*f + 2*f + 130. What is the units digit of f?
3
Let j = -67 + 144. Let c = 143 + -114. Let g = c + j. What is the tens digit of g?
0
Suppose -10*g + 5146 = -8*g. Suppose 0 = -22*q + 4269 + g. What is the tens digit of q?
1
Let t = -583 + -17. Let j = t - -288. Let b = 470 + j. What is the units digit of b?
8
Let z(a) = -7*a - 62. Let f be z(-24). Let o be (-279)/(-3)*(1 + (-10)/6). Let h = f + o. What is the tens digit of h?
4
What is the ten thousands digit of (2 - (-74)/8)/(75/181600)?
2
Let w(v) = 1038*v - 1089. What is the hundreds digit of w(19)?
6
Suppose 175*n - 2373 = 172*n. Let d = -243 + n. What is the tens digit of d?
4
Let k = 61531 + -34376. What is the hundreds digit of k?
1
Suppose -812 = -2*c - 4*x + 124, x = -5*c + 2376. Suppose -v - c = -3*v. Suppose -112 + 623 = 4*s + b, -2*s = 4*b - v. What is the units digit of s?
9
Let p be 1/(1082/(-180) + 6). Let c(a) = a + 191. Let i be c(0). Let j = p + i. What is the tens digit of j?
0
Suppose 6*u - 5553 = -46*r + 43*r, 4*r = -4*u + 7424. What is the thousands digit of r?
1
Let o(c) = 49*c - 39. Let y be o(6). Let n = y + -172. What is the tens dig